{"id":5140,"date":"2026-04-23T13:39:47","date_gmt":"2026-04-23T12:39:47","guid":{"rendered":"https:\/\/ljubljanajazz.si\/?post_type=tribe_events&#038;p=5140"},"modified":"2026-04-23T13:55:57","modified_gmt":"2026-04-23T12:55:57","slug":"arist-in-residence-cry-si-be-srb-us","status":"publish","type":"tribe_events","link":"https:\/\/ljubljanajazz.si\/en\/koncert\/arist-in-residence-cry-si-be-srb-us\/","title":{"rendered":"Arist-in-residence: CRY (SI, BE, SRB, US)"},"content":{"rendered":"<div class=\"wpb-content-wrapper\"><p>[vc_row][vc_column icons_position=&#8221;left&#8221;][vc_column_text css=&#8221;.vc_custom_1776948790373{padding-bottom: 2rem !important;}&#8221;]<\/p>\n<h5 style=\"text-align: center;\"><strong>Arist-in-residence: CRY (SI, BE, SRB, US)<\/strong><\/h5>\n<p>[\/vc_column_text][\/vc_column][\/vc_row][vc_row][vc_column width=&#8221;1\/2&#8243; icons_position=&#8221;left&#8221;][vc_single_image image=&#8221;5147&#8243; img_size=&#8221;full&#8221; alignment=&#8221;center&#8221; css=&#8221;&#8221;][vc_column_text css=&#8221;.vc_custom_1776948904953{margin-top: 40px !important;padding-top: 10px !important;padding-bottom: 10px !important;background-color: #FFFFFF !important;}&#8221;]<strong>Thursday, 2 July, 8:30 pm \u2013 CD Park, main stage<\/strong><br \/>\n<strong>Day pass Park CD:<\/strong> presale (until 30 June): EUR 15, on the day: EUR 18[\/vc_column_text][vc_column_text css=&#8221;.vc_custom_1776250772975{margin-bottom: 30px !important;}&#8221;]<a href=\"https:\/\/vstopnice.cd-cc.si\/en\/basket\/add\/226148\" id=\"sc_button_1044595365\" class=\"sc_button sc_button_default gumb sc_button_size_large sc_button_icon_left\" target=\"_blank\"><span class=\"sc_button_text\"><span class=\"sc_button_title\">BUY TICKET HERE<\/span><\/span><!-- \/.sc_button_text --><\/a><!-- \/.sc_button -->[\/vc_column_text][\/vc_column][vc_column width=&#8221;1\/2&#8243; icons_position=&#8221;left&#8221;][vc_column_text css=&#8221;.vc_custom_1776948870924{margin-bottom: 20px !important;}&#8221;]<strong>Toma\u017e Gaj\u0161t<\/strong>, trumpet; <strong>Milo\u0161 \u010colovi\u0107<\/strong>, double bass;<strong> Lenart De Bock<\/strong>, saxophone; <strong>Gerald Cleaver<\/strong>, drums[\/vc_column_text][\/vc_column][\/vc_row][vc_row hide_bg_image_on_tablet=&#8221;&#8221; hide_bg_image_on_mobile=&#8221;&#8221; css=&#8221;.vc_custom_1774520466972{margin-top: 35px !important;}&#8221;][vc_column width=&#8221;1\/3&#8243; icons_position=&#8221;left&#8221;][vc_video link=&#8221;https:\/\/www.youtube.com\/watch?v=HjaXZi76UIw&#8221; css=&#8221;.vc_custom_1776242710102{margin-bottom: 20px !important;}&#8221;][\/vc_column][vc_column width=&#8221;1\/3&#8243; icons_position=&#8221;left&#8221;][vc_video link=&#8221;https:\/\/www.youtube.com\/watch?v=CyWu_0IzWFM&#8221; css=&#8221;.vc_custom_1776242726859{margin-bottom: 20px !important;}&#8221;][\/vc_column][vc_column width=&#8221;1\/3&#8243; icons_position=&#8221;left&#8221;][vc_video link=&#8221;https:\/\/www.youtube.com\/watch?v=ejTOidMh97E&#8221; css=&#8221;.vc_custom_1776242742811{margin-bottom: 20px !important;}&#8221;][\/vc_column][\/vc_row][vc_row hide_bg_image_on_tablet=&#8221;&#8221; hide_bg_image_on_mobile=&#8221;&#8221; css=&#8221;.vc_custom_1774520466972{margin-top: 35px !important;}&#8221;][vc_column icons_position=&#8221;left&#8221;][vc_column_text css=&#8221;&#8221;][\/vc_column_text][\/vc_column][\/vc_row]<\/p>\n<\/div>","protected":false},"excerpt":{"rendered":"<p> Linhart Hall<\/p>\n","protected":false},"author":3,"featured_media":4966,"template":"","meta":{"_tribe_events_status":"","_tribe_events_status_reason":"","footnotes":""},"tags":[],"tribe_events_cat":[87],"class_list":["post-5140","tribe_events","type-tribe_events","status-publish","has-post-thumbnail","hentry","tribe_events_cat-day-2-en","cat_day-2-en"],"yoast_head":"<!-- This site is optimized with the Yoast SEO Premium plugin v27.2 (Yoast SEO v27.2) - https:\/\/yoast.com\/product\/yoast-seo-premium-wordpress\/ -->\r\n<title>Arist-in-residence: CRY (SI, BE, SRB, US) - 67. Jazz festival Ljubljana<\/title>\r\n<meta name=\"robots\" content=\"index, follow, max-snippet:-1, max-image-preview:large, max-video-preview:-1\" \/>\r\n<link rel=\"canonical\" href=\"https:\/\/ljubljanajazz.si\/en\/koncert\/arist-in-residence-cry-si-be-srb-us\/\" \/>\r\n<meta property=\"og:locale\" content=\"en_US\" \/>\r\n<meta property=\"og:type\" content=\"article\" \/>\r\n<meta property=\"og:title\" content=\"Arist-in-residence: CRY (SI, BE, SRB, US)\" \/>\r\n<meta property=\"og:description\" content=\"Linhart Hall\" \/>\r\n<meta property=\"og:url\" content=\"https:\/\/ljubljanajazz.si\/en\/koncert\/arist-in-residence-cry-si-be-srb-us\/\" \/>\r\n<meta property=\"og:site_name\" content=\"67. Jazz festival Ljubljana\" \/>\r\n<meta property=\"article:modified_time\" content=\"2026-04-23T12:55:57+00:00\" \/>\r\n<meta property=\"og:image\" content=\"https:\/\/ljubljanajazz.si\/wp-content\/uploads\/2026\/04\/67_Jazz-PATRICIA-BRENNAN_web-1500x1500-7-1024x1024.jpg\" \/>\r\n\t<meta property=\"og:image:width\" content=\"1024\" \/>\r\n\t<meta property=\"og:image:height\" content=\"1024\" \/>\r\n\t<meta property=\"og:image:type\" content=\"image\/jpeg\" \/>\r\n<meta name=\"twitter:card\" content=\"summary_large_image\" \/>\r\n<meta name=\"twitter:label1\" content=\"Est. reading time\" \/>\n\t<meta name=\"twitter:data1\" content=\"1 minute\" \/>\r\n<script type=\"application\/ld+json\" class=\"yoast-schema-graph\">{\"@context\":\"https:\/\/schema.org\",\"@graph\":[{\"@type\":\"WebPage\",\"@id\":\"https:\/\/ljubljanajazz.si\/en\/koncert\/arist-in-residence-cry-si-be-srb-us\/\",\"url\":\"https:\/\/ljubljanajazz.si\/en\/koncert\/arist-in-residence-cry-si-be-srb-us\/\",\"name\":\"Arist-in-residence: CRY (SI, BE, SRB, US) - 67. Jazz festival Ljubljana\",\"isPartOf\":{\"@id\":\"https:\/\/ljubljanajazz.si\/#website\"},\"primaryImageOfPage\":{\"@id\":\"https:\/\/ljubljanajazz.si\/en\/koncert\/arist-in-residence-cry-si-be-srb-us\/#primaryimage\"},\"image\":{\"@id\":\"https:\/\/ljubljanajazz.si\/en\/koncert\/arist-in-residence-cry-si-be-srb-us\/#primaryimage\"},\"thumbnailUrl\":\"https:\/\/ljubljanajazz.si\/wp-content\/uploads\/2026\/04\/67_Jazz-PATRICIA-BRENNAN_web-1500x1500-7.jpg\",\"datePublished\":\"2026-04-23T12:39:47+00:00\",\"dateModified\":\"2026-04-23T12:55:57+00:00\",\"breadcrumb\":{\"@id\":\"https:\/\/ljubljanajazz.si\/en\/koncert\/arist-in-residence-cry-si-be-srb-us\/#breadcrumb\"},\"inLanguage\":\"en-US\",\"potentialAction\":[{\"@type\":\"ReadAction\",\"target\":[\"https:\/\/ljubljanajazz.si\/en\/koncert\/arist-in-residence-cry-si-be-srb-us\/\"]}]},{\"@type\":\"ImageObject\",\"inLanguage\":\"en-US\",\"@id\":\"https:\/\/ljubljanajazz.si\/en\/koncert\/arist-in-residence-cry-si-be-srb-us\/#primaryimage\",\"url\":\"https:\/\/ljubljanajazz.si\/wp-content\/uploads\/2026\/04\/67_Jazz-PATRICIA-BRENNAN_web-1500x1500-7.jpg\",\"contentUrl\":\"https:\/\/ljubljanajazz.si\/wp-content\/uploads\/2026\/04\/67_Jazz-PATRICIA-BRENNAN_web-1500x1500-7.jpg\",\"width\":1500,\"height\":1500},{\"@type\":\"BreadcrumbList\",\"@id\":\"https:\/\/ljubljanajazz.si\/en\/koncert\/arist-in-residence-cry-si-be-srb-us\/#breadcrumb\",\"itemListElement\":[{\"@type\":\"ListItem\",\"position\":1,\"name\":\"Home\",\"item\":\"https:\/\/ljubljanajazz.si\/en\/\"},{\"@type\":\"ListItem\",\"position\":2,\"name\":\"Events\",\"item\":\"https:\/\/ljubljanajazz.si\/en\/urnik-festival\/\"},{\"@type\":\"ListItem\",\"position\":3,\"name\":\"Arist-in-residence: CRY (SI, BE, SRB, US)\"}]},{\"@type\":\"WebSite\",\"@id\":\"https:\/\/ljubljanajazz.si\/#website\",\"url\":\"https:\/\/ljubljanajazz.si\/\",\"name\":\"67. Jazz festival Ljubljana\",\"description\":\"\",\"potentialAction\":[{\"@type\":\"SearchAction\",\"target\":{\"@type\":\"EntryPoint\",\"urlTemplate\":\"https:\/\/ljubljanajazz.si\/?s={search_term_string}\"},\"query-input\":{\"@type\":\"PropertyValueSpecification\",\"valueRequired\":true,\"valueName\":\"search_term_string\"}}],\"inLanguage\":\"en-US\"}]}<\/script>\r\n<!-- \/ Yoast SEO Premium plugin. -->","yoast_head_json":{"title":"Arist-in-residence: CRY (SI, BE, SRB, US) - 67. Jazz festival Ljubljana","robots":{"index":"index","follow":"follow","max-snippet":"max-snippet:-1","max-image-preview":"max-image-preview:large","max-video-preview":"max-video-preview:-1"},"canonical":"https:\/\/ljubljanajazz.si\/en\/koncert\/arist-in-residence-cry-si-be-srb-us\/","og_locale":"en_US","og_type":"article","og_title":"Arist-in-residence: CRY (SI, BE, SRB, US)","og_description":"Linhart Hall","og_url":"https:\/\/ljubljanajazz.si\/en\/koncert\/arist-in-residence-cry-si-be-srb-us\/","og_site_name":"67. Jazz festival Ljubljana","article_modified_time":"2026-04-23T12:55:57+00:00","og_image":[{"width":1024,"height":1024,"url":"https:\/\/ljubljanajazz.si\/wp-content\/uploads\/2026\/04\/67_Jazz-PATRICIA-BRENNAN_web-1500x1500-7-1024x1024.jpg","type":"image\/jpeg"}],"twitter_card":"summary_large_image","twitter_misc":{"Est. reading time":"1 minute"},"schema":{"@context":"https:\/\/schema.org","@graph":[{"@type":"WebPage","@id":"https:\/\/ljubljanajazz.si\/en\/koncert\/arist-in-residence-cry-si-be-srb-us\/","url":"https:\/\/ljubljanajazz.si\/en\/koncert\/arist-in-residence-cry-si-be-srb-us\/","name":"Arist-in-residence: CRY (SI, BE, SRB, US) - 67. Jazz festival Ljubljana","isPartOf":{"@id":"https:\/\/ljubljanajazz.si\/#website"},"primaryImageOfPage":{"@id":"https:\/\/ljubljanajazz.si\/en\/koncert\/arist-in-residence-cry-si-be-srb-us\/#primaryimage"},"image":{"@id":"https:\/\/ljubljanajazz.si\/en\/koncert\/arist-in-residence-cry-si-be-srb-us\/#primaryimage"},"thumbnailUrl":"https:\/\/ljubljanajazz.si\/wp-content\/uploads\/2026\/04\/67_Jazz-PATRICIA-BRENNAN_web-1500x1500-7.jpg","datePublished":"2026-04-23T12:39:47+00:00","dateModified":"2026-04-23T12:55:57+00:00","breadcrumb":{"@id":"https:\/\/ljubljanajazz.si\/en\/koncert\/arist-in-residence-cry-si-be-srb-us\/#breadcrumb"},"inLanguage":"en-US","potentialAction":[{"@type":"ReadAction","target":["https:\/\/ljubljanajazz.si\/en\/koncert\/arist-in-residence-cry-si-be-srb-us\/"]}]},{"@type":"ImageObject","inLanguage":"en-US","@id":"https:\/\/ljubljanajazz.si\/en\/koncert\/arist-in-residence-cry-si-be-srb-us\/#primaryimage","url":"https:\/\/ljubljanajazz.si\/wp-content\/uploads\/2026\/04\/67_Jazz-PATRICIA-BRENNAN_web-1500x1500-7.jpg","contentUrl":"https:\/\/ljubljanajazz.si\/wp-content\/uploads\/2026\/04\/67_Jazz-PATRICIA-BRENNAN_web-1500x1500-7.jpg","width":1500,"height":1500},{"@type":"BreadcrumbList","@id":"https:\/\/ljubljanajazz.si\/en\/koncert\/arist-in-residence-cry-si-be-srb-us\/#breadcrumb","itemListElement":[{"@type":"ListItem","position":1,"name":"Home","item":"https:\/\/ljubljanajazz.si\/en\/"},{"@type":"ListItem","position":2,"name":"Events","item":"https:\/\/ljubljanajazz.si\/en\/urnik-festival\/"},{"@type":"ListItem","position":3,"name":"Arist-in-residence: CRY (SI, BE, SRB, US)"}]},{"@type":"WebSite","@id":"https:\/\/ljubljanajazz.si\/#website","url":"https:\/\/ljubljanajazz.si\/","name":"67. Jazz festival Ljubljana","description":"","potentialAction":[{"@type":"SearchAction","target":{"@type":"EntryPoint","urlTemplate":"https:\/\/ljubljanajazz.si\/?s={search_term_string}"},"query-input":{"@type":"PropertyValueSpecification","valueRequired":true,"valueName":"search_term_string"}}],"inLanguage":"en-US"}]}},"_links":{"self":[{"href":"https:\/\/ljubljanajazz.si\/en\/wp-json\/wp\/v2\/tribe_events\/5140","targetHints":{"allow":["GET"]}}],"collection":[{"href":"https:\/\/ljubljanajazz.si\/en\/wp-json\/wp\/v2\/tribe_events"}],"about":[{"href":"https:\/\/ljubljanajazz.si\/en\/wp-json\/wp\/v2\/types\/tribe_events"}],"author":[{"embeddable":true,"href":"https:\/\/ljubljanajazz.si\/en\/wp-json\/wp\/v2\/users\/3"}],"version-history":[{"count":3,"href":"https:\/\/ljubljanajazz.si\/en\/wp-json\/wp\/v2\/tribe_events\/5140\/revisions"}],"predecessor-version":[{"id":5152,"href":"https:\/\/ljubljanajazz.si\/en\/wp-json\/wp\/v2\/tribe_events\/5140\/revisions\/5152"}],"wp:featuredmedia":[{"embeddable":true,"href":"https:\/\/ljubljanajazz.si\/en\/wp-json\/wp\/v2\/media\/4966"}],"wp:attachment":[{"href":"https:\/\/ljubljanajazz.si\/en\/wp-json\/wp\/v2\/media?parent=5140"}],"wp:term":[{"taxonomy":"post_tag","embeddable":true,"href":"https:\/\/ljubljanajazz.si\/en\/wp-json\/wp\/v2\/tags?post=5140"},{"taxonomy":"tribe_events_cat","embeddable":true,"href":"https:\/\/ljubljanajazz.si\/en\/wp-json\/wp\/v2\/tribe_events_cat?post=5140"}],"curies":[{"name":"wp","href":"https:\/\/api.w.org\/{rel}","templated":true}]}}

<div class="wpb-content-wrapper"><p>[vc_row][vc_column icons_position=&#8221;left&#8221;][vc_column_text css=&#8221;.vc_custom_1776948790373{padding-bottom: 2rem !important;}&#8221;]</p>
<h5 style="text-align: center;"><strong>Arist-in-residence: CRY (SI, BE, SRB, US)</strong></h5>
<p>[/vc_column_text][/vc_column][/vc_row][vc_row][vc_column width=&#8221;1/2&#8243; icons_position=&#8221;left&#8221;][vc_single_image image=&#8221;5147&#8243; img_size=&#8221;full&#8221; alignment=&#8221;center&#8221; css=&#8221;&#8221;][vc_column_text css=&#8221;.vc_custom_1776948904953{margin-top: 40px !important;padding-top: 10px !important;padding-bottom: 10px !important;background-color: #FFFFFF !important;}&#8221;]<strong>Thursday, 2 July, 8:30 pm – CD Park, main stage</strong><br />
<strong>Day pass Park CD:</strong> presale (until 30 June): EUR 15, on the day: EUR 18[/vc_column_text][vc_column_text css=&#8221;.vc_custom_1776250772975{margin-bottom: 30px !important;}&#8221;]<a href="https://vstopnice.cd-cc.si/en/basket/add/226148" id="sc_button_1044595365" class="sc_button sc_button_default gumb sc_button_size_large sc_button_icon_left" target="_blank"><span class="sc_button_text"><span class="sc_button_title">BUY TICKET HERE</span></span><!-- /.sc_button_text --></a><!-- /.sc_button -->[/vc_column_text][/vc_column][vc_column width=&#8221;1/2&#8243; icons_position=&#8221;left&#8221;][vc_column_text css=&#8221;.vc_custom_1776948870924{margin-bottom: 20px !important;}&#8221;]<strong>Tomaž Gajšt</strong>, trumpet; <strong>Miloš Čolović</strong>, double bass;<strong> Lenart De Bock</strong>, saxophone; <strong>Gerald Cleaver</strong>, drums[/vc_column_text][/vc_column][/vc_row][vc_row hide_bg_image_on_tablet=&#8221;&#8221; hide_bg_image_on_mobile=&#8221;&#8221; css=&#8221;.vc_custom_1774520466972{margin-top: 35px !important;}&#8221;][vc_column width=&#8221;1/3&#8243; icons_position=&#8221;left&#8221;][vc_video link=&#8221;https://www.youtube.com/watch?v=HjaXZi76UIw&#8221; css=&#8221;.vc_custom_1776242710102{margin-bottom: 20px !important;}&#8221;][/vc_column][vc_column width=&#8221;1/3&#8243; icons_position=&#8221;left&#8221;][vc_video link=&#8221;https://www.youtube.com/watch?v=CyWu_0IzWFM&#8221; css=&#8221;.vc_custom_1776242726859{margin-bottom: 20px !important;}&#8221;][/vc_column][vc_column width=&#8221;1/3&#8243; icons_position=&#8221;left&#8221;][vc_video link=&#8221;https://www.youtube.com/watch?v=ejTOidMh97E&#8221; css=&#8221;.vc_custom_1776242742811{margin-bottom: 20px !important;}&#8221;][/vc_column][/vc_row][vc_row hide_bg_image_on_tablet=&#8221;&#8221; hide_bg_image_on_mobile=&#8221;&#8221; css=&#8221;.vc_custom_1774520466972{margin-top: 35px !important;}&#8221;][vc_column icons_position=&#8221;left&#8221;][vc_column_text css=&#8221;&#8221;][/vc_column_text][/vc_column][/vc_row]</p>
</div>
