{"id":5201,"date":"2026-04-23T15:28:34","date_gmt":"2026-04-23T14:28:34","guid":{"rendered":"https:\/\/ljubljanajazz.si\/?post_type=tribe_events&#038;p=5201"},"modified":"2026-04-23T15:44:35","modified_gmt":"2026-04-23T14:44:35","slug":"good-remarks-si-us-br-aut","status":"publish","type":"tribe_events","link":"https:\/\/ljubljanajazz.si\/en\/koncert\/good-remarks-si-us-br-aut\/","title":{"rendered":"GOOD REMARKS (SI, US, BR, AUT)"},"content":{"rendered":"<div class=\"wpb-content-wrapper\"><p>[vc_row][vc_column icons_position=&#8221;left&#8221;][vc_column_text css=&#8221;.vc_custom_1776955369579{padding-bottom: 2rem !important;}&#8221;]<\/p>\n<h5 style=\"text-align: center;\"><strong>GOOD REMARKS (SI, US, BR, AUT)<\/strong><\/h5>\n<p>[\/vc_column_text][\/vc_column][\/vc_row][vc_row][vc_column width=&#8221;1\/2&#8243; icons_position=&#8221;left&#8221;][vc_single_image img_size=&#8221;full&#8221; alignment=&#8221;center&#8221; css=&#8221;&#8221;][vc_column_text css=&#8221;.vc_custom_1776955461492{margin-top: 40px !important;padding-top: 10px !important;padding-bottom: 10px !important;background-color: #FFFFFF !important;}&#8221;]<strong>Saturday, 4 July, xx pm \u2013 CD Park, Old Tree Stage<\/strong><br \/>\n<strong>Day pass Park CD:<\/strong> presale (until 30 June): EUR 20, on the day: EUR 24[\/vc_column_text][vc_column_text css=&#8221;.vc_custom_1776250772975{margin-bottom: 30px !important;}&#8221;]<a href=\"https:\/\/vstopnice.cd-cc.si\/en\/basket\/add\/226148\" id=\"sc_button_470952189\" class=\"sc_button sc_button_default gumb sc_button_size_large sc_button_icon_left\" target=\"_blank\"><span class=\"sc_button_text\"><span class=\"sc_button_title\">BUY TICKET HERE<\/span><\/span><!-- \/.sc_button_text --><\/a><!-- \/.sc_button -->[\/vc_column_text][\/vc_column][vc_column width=&#8221;1\/2&#8243; icons_position=&#8221;left&#8221;][vc_column_text css=&#8221;.vc_custom_1776955452976{margin-bottom: 20px !important;}&#8221;]<strong>Tjan \u0160o\u0161tari\u010d,<\/strong> double bass; <strong>Joander Cruz<\/strong>, alto saxophone; <strong>Bla\u017e \u0160vagan<\/strong>, tenor saxophone; <strong>Benjamin King<\/strong>, piano; <strong>Rene Grajfoner<\/strong>, drums<\/p>\n<p>The members of GOOD REMARKS are currently based across various academic centres around the world \u2013 studying at academies in Graz, Vienna, Klagenfurt, and Los Angeles. The quintet\u2019s artistic identity is grounded in original compositions by double bassist and composer Tjan \u0160o\u0161tari\u010d, works that subtly integrate elements of progressive jazz, soul, and jazz tradition. The result is a stylistically refined yet accessible musical language, underscored by a distinct sense of groove, lyricism, and the subtle, spontaneous flow of musical ideas. More than just an ensemble, GOOD REMARKS emerges as a finely woven artistic whole \u2013 a dialogue of five distinct voices from diverse cultural and geographical backgrounds, coming together in a shared musical space defined by respect, creativity, and sincerity.<\/p>\n<p>The concert is presented in collaboration with the Jazz Velenje Cultural Association.[\/vc_column_text][\/vc_column][\/vc_row][vc_row hide_bg_image_on_tablet=&#8221;&#8221; hide_bg_image_on_mobile=&#8221;&#8221; css=&#8221;.vc_custom_1774520466972{margin-top: 35px !important;}&#8221;][vc_column width=&#8221;1\/3&#8243; icons_position=&#8221;left&#8221;][vc_video link=&#8221;https:\/\/www.youtube.com\/watch?v=HjaXZi76UIw&#8221; css=&#8221;.vc_custom_1776242710102{margin-bottom: 20px !important;}&#8221;][\/vc_column][vc_column width=&#8221;1\/3&#8243; icons_position=&#8221;left&#8221;][vc_video link=&#8221;https:\/\/www.youtube.com\/watch?v=CyWu_0IzWFM&#8221; css=&#8221;.vc_custom_1776242726859{margin-bottom: 20px !important;}&#8221;][\/vc_column][vc_column width=&#8221;1\/3&#8243; icons_position=&#8221;left&#8221;][vc_video link=&#8221;https:\/\/www.youtube.com\/watch?v=ejTOidMh97E&#8221; css=&#8221;.vc_custom_1776242742811{margin-bottom: 20px !important;}&#8221;][\/vc_column][\/vc_row][vc_row hide_bg_image_on_tablet=&#8221;&#8221; hide_bg_image_on_mobile=&#8221;&#8221; css=&#8221;.vc_custom_1774520466972{margin-top: 35px !important;}&#8221;][vc_column icons_position=&#8221;left&#8221;][vc_column_text css=&#8221;&#8221;][\/vc_column_text][\/vc_column][\/vc_row]<\/p>\n<\/div>","protected":false},"excerpt":{"rendered":"<p> Linhart Hall<\/p>\n","protected":false},"author":3,"featured_media":4966,"template":"","meta":{"_tribe_events_status":"","_tribe_events_status_reason":"","footnotes":""},"tags":[],"tribe_events_cat":[88],"class_list":["post-5201","tribe_events","type-tribe_events","status-publish","has-post-thumbnail","hentry","tribe_events_cat-day-3-en","cat_day-3-en"],"yoast_head":"<!-- This site is optimized with the Yoast SEO Premium plugin v27.2 (Yoast SEO v27.2) - https:\/\/yoast.com\/product\/yoast-seo-premium-wordpress\/ -->\r\n<title>GOOD REMARKS (SI, US, BR, AUT) - 67. Jazz festival Ljubljana<\/title>\r\n<meta name=\"robots\" content=\"index, follow, max-snippet:-1, max-image-preview:large, max-video-preview:-1\" \/>\r\n<link rel=\"canonical\" href=\"https:\/\/ljubljanajazz.si\/en\/koncert\/good-remarks-si-us-br-aut\/\" \/>\r\n<meta property=\"og:locale\" content=\"en_US\" \/>\r\n<meta property=\"og:type\" content=\"article\" \/>\r\n<meta property=\"og:title\" content=\"GOOD REMARKS (SI, US, BR, AUT)\" \/>\r\n<meta property=\"og:description\" content=\"Linhart Hall\" \/>\r\n<meta property=\"og:url\" content=\"https:\/\/ljubljanajazz.si\/en\/koncert\/good-remarks-si-us-br-aut\/\" \/>\r\n<meta property=\"og:site_name\" content=\"67. Jazz festival Ljubljana\" \/>\r\n<meta property=\"article:modified_time\" content=\"2026-04-23T14:44:35+00:00\" \/>\r\n<meta property=\"og:image\" content=\"https:\/\/ljubljanajazz.si\/wp-content\/uploads\/2026\/04\/67_Jazz-PATRICIA-BRENNAN_web-1500x1500-7-1024x1024.jpg\" \/>\r\n\t<meta property=\"og:image:width\" content=\"1024\" \/>\r\n\t<meta property=\"og:image:height\" content=\"1024\" \/>\r\n\t<meta property=\"og:image:type\" content=\"image\/jpeg\" \/>\r\n<meta name=\"twitter:card\" content=\"summary_large_image\" \/>\r\n<meta name=\"twitter:label1\" content=\"Est. reading time\" \/>\n\t<meta name=\"twitter:data1\" content=\"2 minutes\" \/>\r\n<script type=\"application\/ld+json\" class=\"yoast-schema-graph\">{\"@context\":\"https:\/\/schema.org\",\"@graph\":[{\"@type\":\"WebPage\",\"@id\":\"https:\/\/ljubljanajazz.si\/en\/koncert\/good-remarks-si-us-br-aut\/\",\"url\":\"https:\/\/ljubljanajazz.si\/en\/koncert\/good-remarks-si-us-br-aut\/\",\"name\":\"GOOD REMARKS (SI, US, BR, AUT) - 67. Jazz festival Ljubljana\",\"isPartOf\":{\"@id\":\"https:\/\/ljubljanajazz.si\/#website\"},\"primaryImageOfPage\":{\"@id\":\"https:\/\/ljubljanajazz.si\/en\/koncert\/good-remarks-si-us-br-aut\/#primaryimage\"},\"image\":{\"@id\":\"https:\/\/ljubljanajazz.si\/en\/koncert\/good-remarks-si-us-br-aut\/#primaryimage\"},\"thumbnailUrl\":\"https:\/\/ljubljanajazz.si\/wp-content\/uploads\/2026\/04\/67_Jazz-PATRICIA-BRENNAN_web-1500x1500-7.jpg\",\"datePublished\":\"2026-04-23T14:28:34+00:00\",\"dateModified\":\"2026-04-23T14:44:35+00:00\",\"breadcrumb\":{\"@id\":\"https:\/\/ljubljanajazz.si\/en\/koncert\/good-remarks-si-us-br-aut\/#breadcrumb\"},\"inLanguage\":\"en-US\",\"potentialAction\":[{\"@type\":\"ReadAction\",\"target\":[\"https:\/\/ljubljanajazz.si\/en\/koncert\/good-remarks-si-us-br-aut\/\"]}]},{\"@type\":\"ImageObject\",\"inLanguage\":\"en-US\",\"@id\":\"https:\/\/ljubljanajazz.si\/en\/koncert\/good-remarks-si-us-br-aut\/#primaryimage\",\"url\":\"https:\/\/ljubljanajazz.si\/wp-content\/uploads\/2026\/04\/67_Jazz-PATRICIA-BRENNAN_web-1500x1500-7.jpg\",\"contentUrl\":\"https:\/\/ljubljanajazz.si\/wp-content\/uploads\/2026\/04\/67_Jazz-PATRICIA-BRENNAN_web-1500x1500-7.jpg\",\"width\":1500,\"height\":1500},{\"@type\":\"BreadcrumbList\",\"@id\":\"https:\/\/ljubljanajazz.si\/en\/koncert\/good-remarks-si-us-br-aut\/#breadcrumb\",\"itemListElement\":[{\"@type\":\"ListItem\",\"position\":1,\"name\":\"Home\",\"item\":\"https:\/\/ljubljanajazz.si\/en\/\"},{\"@type\":\"ListItem\",\"position\":2,\"name\":\"Events\",\"item\":\"https:\/\/ljubljanajazz.si\/en\/urnik-festival\/\"},{\"@type\":\"ListItem\",\"position\":3,\"name\":\"GOOD REMARKS (SI, US, BR, AUT)\"}]},{\"@type\":\"WebSite\",\"@id\":\"https:\/\/ljubljanajazz.si\/#website\",\"url\":\"https:\/\/ljubljanajazz.si\/\",\"name\":\"67. Jazz festival Ljubljana\",\"description\":\"\",\"potentialAction\":[{\"@type\":\"SearchAction\",\"target\":{\"@type\":\"EntryPoint\",\"urlTemplate\":\"https:\/\/ljubljanajazz.si\/?s={search_term_string}\"},\"query-input\":{\"@type\":\"PropertyValueSpecification\",\"valueRequired\":true,\"valueName\":\"search_term_string\"}}],\"inLanguage\":\"en-US\"}]}<\/script>\r\n<!-- \/ Yoast SEO Premium plugin. -->","yoast_head_json":{"title":"GOOD REMARKS (SI, US, BR, AUT) - 67. Jazz festival Ljubljana","robots":{"index":"index","follow":"follow","max-snippet":"max-snippet:-1","max-image-preview":"max-image-preview:large","max-video-preview":"max-video-preview:-1"},"canonical":"https:\/\/ljubljanajazz.si\/en\/koncert\/good-remarks-si-us-br-aut\/","og_locale":"en_US","og_type":"article","og_title":"GOOD REMARKS (SI, US, BR, AUT)","og_description":"Linhart Hall","og_url":"https:\/\/ljubljanajazz.si\/en\/koncert\/good-remarks-si-us-br-aut\/","og_site_name":"67. Jazz festival Ljubljana","article_modified_time":"2026-04-23T14:44:35+00:00","og_image":[{"width":1024,"height":1024,"url":"https:\/\/ljubljanajazz.si\/wp-content\/uploads\/2026\/04\/67_Jazz-PATRICIA-BRENNAN_web-1500x1500-7-1024x1024.jpg","type":"image\/jpeg"}],"twitter_card":"summary_large_image","twitter_misc":{"Est. reading time":"2 minutes"},"schema":{"@context":"https:\/\/schema.org","@graph":[{"@type":"WebPage","@id":"https:\/\/ljubljanajazz.si\/en\/koncert\/good-remarks-si-us-br-aut\/","url":"https:\/\/ljubljanajazz.si\/en\/koncert\/good-remarks-si-us-br-aut\/","name":"GOOD REMARKS (SI, US, BR, AUT) - 67. Jazz festival Ljubljana","isPartOf":{"@id":"https:\/\/ljubljanajazz.si\/#website"},"primaryImageOfPage":{"@id":"https:\/\/ljubljanajazz.si\/en\/koncert\/good-remarks-si-us-br-aut\/#primaryimage"},"image":{"@id":"https:\/\/ljubljanajazz.si\/en\/koncert\/good-remarks-si-us-br-aut\/#primaryimage"},"thumbnailUrl":"https:\/\/ljubljanajazz.si\/wp-content\/uploads\/2026\/04\/67_Jazz-PATRICIA-BRENNAN_web-1500x1500-7.jpg","datePublished":"2026-04-23T14:28:34+00:00","dateModified":"2026-04-23T14:44:35+00:00","breadcrumb":{"@id":"https:\/\/ljubljanajazz.si\/en\/koncert\/good-remarks-si-us-br-aut\/#breadcrumb"},"inLanguage":"en-US","potentialAction":[{"@type":"ReadAction","target":["https:\/\/ljubljanajazz.si\/en\/koncert\/good-remarks-si-us-br-aut\/"]}]},{"@type":"ImageObject","inLanguage":"en-US","@id":"https:\/\/ljubljanajazz.si\/en\/koncert\/good-remarks-si-us-br-aut\/#primaryimage","url":"https:\/\/ljubljanajazz.si\/wp-content\/uploads\/2026\/04\/67_Jazz-PATRICIA-BRENNAN_web-1500x1500-7.jpg","contentUrl":"https:\/\/ljubljanajazz.si\/wp-content\/uploads\/2026\/04\/67_Jazz-PATRICIA-BRENNAN_web-1500x1500-7.jpg","width":1500,"height":1500},{"@type":"BreadcrumbList","@id":"https:\/\/ljubljanajazz.si\/en\/koncert\/good-remarks-si-us-br-aut\/#breadcrumb","itemListElement":[{"@type":"ListItem","position":1,"name":"Home","item":"https:\/\/ljubljanajazz.si\/en\/"},{"@type":"ListItem","position":2,"name":"Events","item":"https:\/\/ljubljanajazz.si\/en\/urnik-festival\/"},{"@type":"ListItem","position":3,"name":"GOOD REMARKS (SI, US, BR, AUT)"}]},{"@type":"WebSite","@id":"https:\/\/ljubljanajazz.si\/#website","url":"https:\/\/ljubljanajazz.si\/","name":"67. Jazz festival Ljubljana","description":"","potentialAction":[{"@type":"SearchAction","target":{"@type":"EntryPoint","urlTemplate":"https:\/\/ljubljanajazz.si\/?s={search_term_string}"},"query-input":{"@type":"PropertyValueSpecification","valueRequired":true,"valueName":"search_term_string"}}],"inLanguage":"en-US"}]}},"_links":{"self":[{"href":"https:\/\/ljubljanajazz.si\/en\/wp-json\/wp\/v2\/tribe_events\/5201","targetHints":{"allow":["GET"]}}],"collection":[{"href":"https:\/\/ljubljanajazz.si\/en\/wp-json\/wp\/v2\/tribe_events"}],"about":[{"href":"https:\/\/ljubljanajazz.si\/en\/wp-json\/wp\/v2\/types\/tribe_events"}],"author":[{"embeddable":true,"href":"https:\/\/ljubljanajazz.si\/en\/wp-json\/wp\/v2\/users\/3"}],"version-history":[{"count":4,"href":"https:\/\/ljubljanajazz.si\/en\/wp-json\/wp\/v2\/tribe_events\/5201\/revisions"}],"predecessor-version":[{"id":5210,"href":"https:\/\/ljubljanajazz.si\/en\/wp-json\/wp\/v2\/tribe_events\/5201\/revisions\/5210"}],"wp:featuredmedia":[{"embeddable":true,"href":"https:\/\/ljubljanajazz.si\/en\/wp-json\/wp\/v2\/media\/4966"}],"wp:attachment":[{"href":"https:\/\/ljubljanajazz.si\/en\/wp-json\/wp\/v2\/media?parent=5201"}],"wp:term":[{"taxonomy":"post_tag","embeddable":true,"href":"https:\/\/ljubljanajazz.si\/en\/wp-json\/wp\/v2\/tags?post=5201"},{"taxonomy":"tribe_events_cat","embeddable":true,"href":"https:\/\/ljubljanajazz.si\/en\/wp-json\/wp\/v2\/tribe_events_cat?post=5201"}],"curies":[{"name":"wp","href":"https:\/\/api.w.org\/{rel}","templated":true}]}}

<div class="wpb-content-wrapper"><p>[vc_row][vc_column icons_position=&#8221;left&#8221;][vc_column_text css=&#8221;.vc_custom_1776955369579{padding-bottom: 2rem !important;}&#8221;]</p>
<h5 style="text-align: center;"><strong>GOOD REMARKS (SI, US, BR, AUT)</strong></h5>
<p>[/vc_column_text][/vc_column][/vc_row][vc_row][vc_column width=&#8221;1/2&#8243; icons_position=&#8221;left&#8221;][vc_single_image img_size=&#8221;full&#8221; alignment=&#8221;center&#8221; css=&#8221;&#8221;][vc_column_text css=&#8221;.vc_custom_1776955461492{margin-top: 40px !important;padding-top: 10px !important;padding-bottom: 10px !important;background-color: #FFFFFF !important;}&#8221;]<strong>Saturday, 4 July, xx pm – CD Park, Old Tree Stage</strong><br />
<strong>Day pass Park CD:</strong> presale (until 30 June): EUR 20, on the day: EUR 24[/vc_column_text][vc_column_text css=&#8221;.vc_custom_1776250772975{margin-bottom: 30px !important;}&#8221;]<a href="https://vstopnice.cd-cc.si/en/basket/add/226148" id="sc_button_470952189" class="sc_button sc_button_default gumb sc_button_size_large sc_button_icon_left" target="_blank"><span class="sc_button_text"><span class="sc_button_title">BUY TICKET HERE</span></span><!-- /.sc_button_text --></a><!-- /.sc_button -->[/vc_column_text][/vc_column][vc_column width=&#8221;1/2&#8243; icons_position=&#8221;left&#8221;][vc_column_text css=&#8221;.vc_custom_1776955452976{margin-bottom: 20px !important;}&#8221;]<strong>Tjan Šoštarič,</strong> double bass; <strong>Joander Cruz</strong>, alto saxophone; <strong>Blaž Švagan</strong>, tenor saxophone; <strong>Benjamin King</strong>, piano; <strong>Rene Grajfoner</strong>, drums</p>
<p>The members of GOOD REMARKS are currently based across various academic centres around the world – studying at academies in Graz, Vienna, Klagenfurt, and Los Angeles. The quintet’s artistic identity is grounded in original compositions by double bassist and composer Tjan Šoštarič, works that subtly integrate elements of progressive jazz, soul, and jazz tradition. The result is a stylistically refined yet accessible musical language, underscored by a distinct sense of groove, lyricism, and the subtle, spontaneous flow of musical ideas. More than just an ensemble, GOOD REMARKS emerges as a finely woven artistic whole – a dialogue of five distinct voices from diverse cultural and geographical backgrounds, coming together in a shared musical space defined by respect, creativity, and sincerity.</p>
<p>The concert is presented in collaboration with the Jazz Velenje Cultural Association.[/vc_column_text][/vc_column][/vc_row][vc_row hide_bg_image_on_tablet=&#8221;&#8221; hide_bg_image_on_mobile=&#8221;&#8221; css=&#8221;.vc_custom_1774520466972{margin-top: 35px !important;}&#8221;][vc_column width=&#8221;1/3&#8243; icons_position=&#8221;left&#8221;][vc_video link=&#8221;https://www.youtube.com/watch?v=HjaXZi76UIw&#8221; css=&#8221;.vc_custom_1776242710102{margin-bottom: 20px !important;}&#8221;][/vc_column][vc_column width=&#8221;1/3&#8243; icons_position=&#8221;left&#8221;][vc_video link=&#8221;https://www.youtube.com/watch?v=CyWu_0IzWFM&#8221; css=&#8221;.vc_custom_1776242726859{margin-bottom: 20px !important;}&#8221;][/vc_column][vc_column width=&#8221;1/3&#8243; icons_position=&#8221;left&#8221;][vc_video link=&#8221;https://www.youtube.com/watch?v=ejTOidMh97E&#8221; css=&#8221;.vc_custom_1776242742811{margin-bottom: 20px !important;}&#8221;][/vc_column][/vc_row][vc_row hide_bg_image_on_tablet=&#8221;&#8221; hide_bg_image_on_mobile=&#8221;&#8221; css=&#8221;.vc_custom_1774520466972{margin-top: 35px !important;}&#8221;][vc_column icons_position=&#8221;left&#8221;][vc_column_text css=&#8221;&#8221;][/vc_column_text][/vc_column][/vc_row]</p>
</div>
